n divisor of 106 and 6?
2
What is the greatest common divisor of 5 and 11?
1
What is the greatest common divisor of 220 and 640?
20
Calculate the highest common factor of 106 and 371.
53
Calculate the greatest common factor of 48 and 8328.
24
Calculate the greatest common factor of 2730 and 520.
130
What is the highest common factor of 1014 and 312?
78
Calculate the highest common divisor of 2125 and 5.
5
What is the highest common divisor of 80 and 976?
16
Calculate the greatest common divisor of 264 and 1980.
132
What is the highest common factor of 7372 and 152?
76
What is the greatest common factor of 19 and 44441?
19
What is the highest common factor of 298 and 61686?
298
Calculate the highest common factor of 87 and 2001.
87
What is the highest common divisor of 1078 and 294?
98
Calculate the highest common divisor of 65 and 5356.
13
Calculate the highest common factor of 136 and 240.
8
Calculate the greatest common factor of 546 and 210.
42
Calculate the highest common factor of 1085 and 35.
35
What is the greatest common factor of 140 and 224?
28
What is the highest common divisor of 368 and 4304?
16
What is the greatest common factor of 6650 and 3850?
350
What is the greatest common divisor of 1197 and 14?
7
Calculate the greatest common factor of 55180 and 178.
178
What is the greatest common divisor of 1426 and 124?
62
Calculate the greatest common factor of 896 and 7.
7
Calculate the highest common divisor of 215 and 86.
43
Calculate the greatest common divisor of 2695 and 165.
55
What is the greatest common divisor of 10 and 4?
2
What is the highest common divisor of 75 and 50?
25
Calculate the greatest common factor of 324 and 93312.
324
What is the greatest common factor of 1029 and 63?
21
Calculate the greatest common factor of 760 and 200.
40
What is the greatest common factor of 175 and 14?
7
Calculate the highest common divisor of 34 and 578.
34
Calculate the greatest common divisor of 221 and 1819.
17
Calculate the greatest common factor of 123 and 21.
3
What is the greatest common factor of 58716 and 28?
28
Calculate the greatest common divisor of 28 and 2996.
28
What is the greatest common factor of 392 and 56?
56
What is the greatest common divisor of 16420 and 20?
20
What is the highest common factor of 41 and 41?
41
What is the greatest common factor of 15 and 40?
5
Calculate the highest common factor of 128 and 24.
8
Calculate the greatest common factor of 380 and 2356.
76
Calculate the greatest common factor of 36 and 3636.
36
Calculate the highest common divisor of 1311 and 207.
69
What is the greatest common factor of 19509 and 21?
21
Calculate the greatest common divisor of 24 and 24636.
12
What is the highest common divisor of 2224 and 272?
16
What is the greatest common factor of 299 and 23?
23
What is the greatest common divisor of 228 and 276?
12
Calculate the greatest common factor of 7 and 2611.
7
What is the greatest common divisor of 3 and 16?
1
Calculate the greatest common divisor of 66 and 1998.
6
What is the greatest common factor of 26 and 2028?
26
What is the greatest common divisor of 380 and 2440?
20
What is the highest common divisor of 6 and 11058?
6
What is the highest common factor of 777 and 1260?
21
What is the greatest common factor of 60 and 8790?
30
Calculate the highest common divisor of 150 and 45.
15
What is the greatest common divisor of 459 and 135?
27
What is the greatest common factor of 320 and 224?
32
What is the highest common divisor of 589 and 95?
19
What is the greatest common factor of 33 and 8?
1
Calculate the highest common divisor of 420 and 56.
28
What is the highest common divisor of 106 and 10?
2
What is the highest common divisor of 912 and 133?
19
What is the greatest common divisor of 2432 and 4560?
304
What is the highest common divisor of 44 and 583?
11
Calculate the greatest common factor of 1102 and 266.
38
Calculate the highest common factor of 26 and 793.
13
What is the highest common factor of 16714 and 122?
122
Calculate the greatest common factor of 2 and 4.
2
What is the highest common factor of 5 and 65?
5
Calculate the greatest common factor of 868 and 28.
28
What is the highest common divisor of 1593 and 27?
27
Calculate the greatest common factor of 328 and 8.
8
Calculate the greatest common divisor of 420 and 40.
20
Calculate the highest common factor of 8764 and 28.
28
What is the highest common factor of 53 and 5088?
53
Calculate the highest common divisor of 133 and 247.
19
What is the greatest common factor of 4 and 142?
2
What is the greatest common divisor of 318 and 848?
106
What is the greatest common factor of 1288 and 1127?
161
What is the highest common factor of 90 and 2934?
18
Calculate the greatest common factor of 165 and 2695.
55
What is the greatest common factor of 15 and 10?
5
Calculate the highest common divisor of 1775 and 25.
25
Calculate the highest common divisor of 1863 and 243.
81
What is the highest common factor of 8 and 200?
8
Calculate the greatest common divisor of 1007 and 19.
19
What is the highest common divisor of 156 and 416?
52
What is the highest common factor of 3008 and 128?
64
What is the highest common factor of 731 and 289?
17
Calculate the highest common factor of 858 and 1014.
78
Calculate the highest common factor of 114 and 96.
6
What is the greatest common divisor of 35 and 5?
5
What is the greatest common divisor of 26 and 806?
26
What is the highest common factor of 17 and 119?
17
Calculate the greatest common factor of 24 and 192.
24
What is the greatest common factor of 445 and 45?
5
Calculate the highest common divisor of 238 and 63.
7
What is the greatest common divisor of 9715 and 58?
29
Calculate the greatest common factor of 165 and 7950.
15
What is the highest common factor of 7881 and 777?
111
Calculate the highest common factor of 14 and 490.
14
Calculate the highest common factor of 15 and 7545.
15
What is the highest common divisor of 6215 and 55?
55
Calculate the highest common divisor of 23 and 667.
23
What is the greatest common factor of 638 and 198?
22
Calculate the greatest common factor of 208 and 130.
26
Calculate the highest common divisor of 6 and 138.
6
Calculate the highest common divisor of 195 and 325.
65
What is the highest common divisor of 528 and 825?
33
What is the greatest common factor of 5567 and 19?
19
Calculate the highest common factor of 38 and 1463.
19
What is the highest common divisor of 8 and 22?
2
Calculate the greatest common factor of 2499 and 294.
147
What is the greatest common factor of 154 and 854?
14
Calculate the highest common divisor of 240 and 45.
15
Calculate the highest common factor of 10 and 914.
2
Calculate the highest common divisor of 580 and 1220.
20
What is the highest common factor of 1470 and 392?
98
What is the highest common divisor of 285 and 255?
15
What is the greatest common divisor of 2470 and 760?
190
What is the greatest common divisor of 705 and 30?
15
What is the greatest common divisor of 124 and 93?
31
What is the highest common factor of 15 and 18?
3
Calculate the greatest common factor of 21 and 168.
21
Calculate the highest common divisor of 129 and 817.
43
Calculate the greatest common factor of 273 and 91.
91
Calculate the greatest common divisor of 19 and 6517.
19
What is the highest common factor of 3144 and 12?
12
Calculate the highest common factor of 4719 and 78.
39
Calculate the highest common factor of 178 and 1157.
89
What is the greatest common divisor of 4425 and 1416?
177
What is the greatest common divisor of 485 and 388?
97
What is the highest common factor of 6 and 66?
6
What is the greatest common divisor of 144 and 36?
36
What is the greatest common factor of 35 and 245?
35
Calculate the greatest common factor of 320 and 256.
64
Calculate the greatest common divisor of 10566 and 18.
18
Calculate the highest common divisor of 275 and 220.
55
What is the greatest common divisor of 300 and 75?
75
Calculate the greatest common divisor of 710 and 190.
10
What is the greatest common divisor of 259 and 703?
37
What is the highest common factor of 9 and 1899?
9
What is the greatest common divisor of 390 and 60?
30
What is the greatest common divisor of 1 and 25?
1
Calculate the highest common divisor of 531 a